ime factors of w.
5, 71
What are the prime factors of (-2)/(-6)*(22 - -5)?
3
Suppose 3*y - 461 = 4*t, 2*y - t - 2*t = 308. Let d = y - 77. What are the prime factors of d?
2, 37
Let z be 40/(2/2 - 0). Suppose 5 = m - 1. Suppose h + z = m*h. What are the prime factors of h?
2
Suppose -s + 5*y - 1425 = -5*s, -5*y + 25 = 0. List the prime factors of s.
2, 5, 7
Let j(a) be the first derivative of a**3 - 11*a**2/2 + 14*a - 16. List the prime factors of j(6).
2, 7
Suppose 5*h - 43*d = -44*d + 859, -347 = -2*h + 3*d. What are the prime factors of h?
2, 43
Let k(n) = -8*n**2 - 18*n - 4. Let d(a) = -19*a**2 - 38*a - 8. Let f(j) = 3*d(j) - 7*k(j). Suppose t = 3*w + 2*t - 29, -2 = -t. List the prime factors of f(w).
31
Let u = -180 + 254. Suppose u = 2*j - 46. List the prime factors of j.
2, 3, 5
Suppose 1785 = 5*t - 5*l, -417 = -t - l - 70. List the prime factors of t.
2, 11
Let l be 480/84 + (-4)/(-14). Suppose -3*z - l = -5*z. Suppose -z*b - 5*g + g = -11, 3*b - 35 = 2*g. What are the prime factors of b?
3
Let j = 2370 + -678. What are the prime factors of j?
2, 3, 47
Let u(t) = 7*t**2 + t + 2. Let f be u(-1). Suppose -3*n - 4*w = -f, 2*n = -2*n + 2*w + 18. List the prime factors of 29 - ((-8)/n + 1).
2, 3, 5
Suppose -3*g = -4*v - 26, -5 = 2*v - v. List the prime factors of g + 10/(-6) + (-430)/(-6).
2, 3
Let b(t) = -13*t + 56. What are the prime factors of b(-13)?
3, 5
Suppose -5*d + 2198 = t, 2*t + 3*d = 4*t - 4370. List the prime factors of t.
2, 547
Let v = -1181 - -1974. List the prime factors of v.
13, 61
Let t be 17 + -16 - (0 - -57). Let i = t - -124. What are the prime factors of i?
2, 17
Suppose 5*u = 21 + 19. Let v = -8 + u. Suppose -x + 0 = a - 12, v = 4*x. List the prime factors of a.
2, 3
What are the prime factors of (-7)/(-2)*194/7?
97
Let y(z) = -2*z - 7. Let t be y(-6). Suppose -t*m = -10*m + 5. List the prime factors of m*(1 + -3)*-11.
2, 11
Let p(c) = 4*c**3 + 2*c**2 + 6*c - 1. Suppose -5*b + 0 = 3*l - 32, 4*b = 16. List the prime factors of p(l).
311
List the prime factors of (-3)/(-5) + 19548/45 + -10.
5, 17
Let l(c) = 6*c - 9. Let d be l(16). Suppose -d = -3*r + 570. What are the prime factors of r?
3, 73
Let t(z) = z + 3. Suppose 4*h - 4*g = g - 1, -3*g = -5*h + 15. Let j be t(h). Suppose 0 = 2*u + 1 - j. What are the prime factors of u?
2
List the prime factors of 1/5 + -1*8116/(-20).
2, 7, 29
Let b be (25/(-4))/((-1)/4). Let h = -292 + 297. Let q = h + b. What are the prime factors of q?
2, 3, 5
Suppose -2*w = 5*g - 16202, -19*g + 3*w - 12956 = -23*g. What are the prime factors of g?
2, 1621
Let y be 82/7 + ((-24)/(-28))/3. List the prime factors of 2/(16/y)*(75 + -1).
3, 37
Let n(g) = -g + 12. Let j be n(9). Suppose -j = 3*r - 12. Suppose 26 = r*q - q. List the prime factors of q.
13
Let z(j) = -44*j**2 - 4*j + 13. Let n(o) = -22*o**2 - 2*o + 7. Let w(q) = 5*n(q) - 3*z(q). List the prime factors of w(2).
2, 11
Let w = -127 + 307. Let m = w - 41. What are the prime factors of m?
139
Suppose -a + 2*a = 2. Suppose 2*x + 88 = a*b, -94 = b - 3*b - x. What are the prime factors of b?
2, 23
Let l(o) = o**3 - 7*o**2 - 9*o + 13. Let d be l(8). Suppose d - 353 = -6*i. List the prime factors of i.
2, 29
Suppose 3*w = -3*a + 6, -50 = -3*w + 4*a - 16. Suppose 0*g - g = w. What are the prime factors of (-7)/21 - 14/g?
2
Suppose 64 = 3*g + 382. Let b = 38 - g. List the prime factors of b.
2, 3
Suppose -6*p + 2 = -5*p. Suppose p*h = y - 107, -y + 4*h = 3*y - 408. What are the prime factors of y?
97
Let r(v) = v**3 - 6*v**2 - 13*v + 8. List the prime factors of r(10).
2, 139
Let x = 593 - 399. What are the prime factors of x?
2, 97
List the prime factors of 8460/(-27)*(-18)/15.
2, 47
Let w be ((-42)/49)/(3/63). Let x = 48 + w. List the prime factors of x.
2, 3, 5
Let f = 550 + -414. What are the prime factors of f?
2, 17
List the prime factors of -4*((-1)/6 - (-8827)/(-21)).
2, 29
Let f be (4 - 149) + -1 + 4/(-2). Let x = f - -281. List the prime factors of x.
7, 19
Let w be (-1658)/(-12) + 2/(-12). Suppose -5*s + w - 593 = -5*l, -464 = -5*l - 4*s. List the prime factors of l.
2, 23
Suppose 7*d - 505 = 181. List the prime factors of d.
2, 7
Let i(p) = 3*p**2 + p + 2. Let g(v) = -v**2 + v. Let l be g(1). Suppose 3 = -3*k - l. List the prime factors of i(k).
2
Suppose -16*f + 10011 + 5605 = 0. List the prime factors of f.
2, 61
Suppose 41*h = 30*h + 550. List the prime factors of h.
2, 5
Let g be (-20 + 19)/(2/(-44) + 0). Suppose 0 = 17*o - g*o + 115. List the prime factors of o.
23
Suppose 293*u + 1229 = 294*u. What are the prime factors of u?
1229
Let r(q) = q**2 - 10*q - 2. Let t be r(12). Let i be t - 2/(-3 + 1). Suppose 3*w = 3*f - 3, 4*w = 4*f - 9*f + i. What are the prime factors of w?
2
Let g(i) = i**3 - 24*i**2 + 35*i - 65. What are the prime factors of g(23)?
211
Let d(b) = 5*b - 12. Let x(j) = j + 3. Let k be x(8). List the prime factors of d(k).
43
Let r be 8/28 + (-248)/(-14). Suppose -5*h + 2*h = -r. List the prime factors of (4/h)/(6/135).
3, 5
Suppose i - 12339 = -4*x - 3170, 5*x - 3*i = 11457. What are the prime factors of x?
2, 3, 191
Suppose -3*k - 154 = -x, 0 = 15*x - 13*x + 3*k - 272. What are the prime factors of x?
2, 71
Let q = 4087 - 2424. What are the prime factors of q?
1663
Let s(r) = -1055*r + 495. What are the prime factors of s(-4)?
5, 23, 41
Suppose 119 = 8*s + 1471. List the prime factors of s*(5 + -4)*-1.
13
Let a(y) = -y**2 + 6*y + 8. Let g be a(6). Suppose -g*m + 12 = -4*m. List the prime factors of m.
3
Let n(j) = -j**3 - 29*j**2 - 30*j - 44. What are the prime factors of n(-28)?
2, 3
Suppose 5*r + z + z = 64, 0 = 4*r + 5*z - 41. Suppose -r*t - 476 = -18*t. What are the prime factors of t?
7, 17
Let y = 735 + -238. What are the prime factors of y?
7, 71
Let w(v) = v**3 + 12*v**2 + 10*v - 2. Let o be w(-11). Suppose o*z + z - 1710 = 0. List the prime factors of z.
3, 19
Let m be 0/(-7) + (-1 - -14). Suppose m*d = 5*d + 1128. What are the prime factors of d?
3, 47
What are the prime factors of 76/57*(1 + 509)?
2, 5, 17
Let i = -201 + 243. What are the prime factors of i?
2, 3, 7
Suppose 5*v = 3*b + 8094, -28*v = -30*v - 2*b + 3228. List the prime factors of v.
3, 7, 11
Suppose -w - 3*w - 156 = 0. Let j = 3 - w. List the prime factors of j.
2, 3, 7
Suppose 4*c + 2088 = 3*l + 7*c, -2*l = -5*c - 1364. What are the prime factors of l?
2, 173
Let r be -8*(-2 - (-459)/(-12)). Suppose -m - r = -8*m. What are the prime factors of m?
2, 23
Suppose -47*y + 6930 + 23855 = 0. List the prime factors of y.
5, 131
Let s(m) be the third derivative of m**2 + 5/6*m**3 - 1/120*m**6 + 0*m + 5/24*m**4 - 7/60*m**5 + 0. What are the prime factors of s(-8)?
29
List the prime factors of 10/(-6) + 1 - 29128/(-132).
2, 5, 11
Let t(l) = -l**2 + 18*l - 31. Let n be t(16). List the prime factors of n*4/14 - 1202/(-7).
2, 43
Suppose 0*z - 2*m = -2*z + 2, 3*z - m = -3. Suppose -3*q = -5*n + 42, n + 0*n = -5*q - 42. List the prime factors of ((-246)/q)/(z/(-3)).
41
Let u(h) = 3*h**2 - 62*h - 22. What are the prime factors of u(23)?
139
Suppose -4*y = -y - 2*s + 41, -73 = 4*y + s. Let v = 0 - y. What are the prime factors of v?
17
Let u(l) = 10*l**2 - 8*l + 53. List the prime factors of u(-13).
1847
Suppose 3*w + 3*a = -3, 3*a - 27 = 3*w - 2*a. Let g be -2 + (-3 - w) + 9. List the prime factors of 158/g + (-4)/(-16).
2, 5
Let b(p) = -2228*p**3 + 8*p + 8. What are the prime factors of b(-1)?
2, 557
Let p = -53 - -50. What are the prime factors of p/(104/116 - 1)?
29
Let h(u) = -41*u - 12. Let s(p) = 27*p + 8. Let k(f) = -5*h(f) - 7*s(f). List the prime factors of k(3).
2, 13
Suppose -15*t = 12*t - 4185. List the prime factors of t.
5, 31
Let r(a) = a. Let m(p) = -15*p - 1. Let z(b) = m(b) + 2*r(b). Let x = 10 + -12. What are the prime factors of z(x)?
5
Suppose -1794 = -3*q + 4*n, 0 = -3*q + 6*n - 3*n + 1794. What are the prime factors of q?
2, 13, 23
Suppose 2*o + 2*s = 0, o = 3*o - s. Suppose -r + 7 + 8 = o. Suppose 0 = -4*h + 49 + r. What are the prime factors of h?
2
Let o = 486 - 249. List the prime factors of o.
3, 79
Suppose -3*i = -2*a - 6, -4*i + 6*a = 2*a - 12. Suppose i = -4*f - 59 + 179. What are the prime factors of f?
2, 3, 5
What are the prime factors of 155/(-2)*(264/(-60) + 2)?
2, 3, 31
Let l be (-2)/3*(-15 + 6). Suppose 